{"id":8,"date":"2013-04-09T22:26:26","date_gmt":"2013-04-09T20:26:26","guid":{"rendered":"http:\/\/www.kinderbetreuung-hexenkessel.de\/?page_id=8"},"modified":"2024-04-25T08:17:08","modified_gmt":"2024-04-25T06:17:08","slug":"infos","status":"publish","type":"page","link":"https:\/\/www.kinderbetreuung-hexenkessel.de\/?page_id=8","title":{"rendered":"Infos"},"content":{"rendered":"<h1>Der Tagesablauf<\/h1>\n<p>Komm mit mir, ich beschreibe dir einen Tag in meiner Tagespflegestelle:<\/p>\n<table border=\"0\" width=\"450\">\n<tbody>\n<tr>\n<td width=\"130\">7.00 \u2013 8.00 Uhr<\/td>\n<td width=\"310\">Ankunft der Kinder und Fr\u00fchst\u00fcck<\/td>\n<\/tr>\n<tr>\n<td>8.00 \u2013 9.00 Uhr<\/td>\n<td>t\u00e4glicher Spaziergang<\/td>\n<\/tr>\n<tr>\n<td>9.000 \u2013 10.00 Uhr<\/td>\n<td>erkunden des Gartens<\/td>\n<\/tr>\n<tr>\n<td>10.30<\/td>\n<td>gemeinsames Essen<\/td>\n<\/tr>\n<tr>\n<td>11.00 \u2013 13.00 Uhr<\/td>\n<td>die Kleinen in der Gruppe halten jetzt Mittagsruhe<\/td>\n<\/tr>\n<tr>\n<td><\/td>\n<td><\/td>\n<\/tr>\n<\/tbody>\n<\/table>\n<p style=\"text-align: justify;\">So gibt es eine feste Gruppe, zwischen 8.00 Uhr und 13.00 Uhr, in der die Kinder nicht durch kommende und gehende Kinder im Spiel oder beim Schlafen gest\u00f6rt werden. Dies ist auch die Zeit in der wir Ausfl\u00fcge unternehmen k\u00f6nnen.<\/p>\n","protected":false},"excerpt":{"rendered":"<p>Der Tagesablauf Komm mit mir, ich beschreibe dir einen Tag in meiner Tagespflegestelle: 7.00 \u2013 8.00 Uhr Ankunft der Kinder und Fr\u00fchst\u00fcck 8.00 \u2013 9.00 Uhr t\u00e4glicher Spaziergang 9.000 \u2013 10.00 Uhr erkunden des Gartens 10.30 gemeinsames Essen 11.00 \u2013 13.00 Uhr die Kleinen in der Gruppe halten jetzt Mittagsruhe So gibt es eine feste [&hellip;]<\/p>\n","protected":false},"author":1,"featured_media":0,"parent":0,"menu_order":3,"comment_status":"closed","ping_status":"closed","template":"","meta":[],"_links":{"self":[{"href":"https:\/\/www.kinderbetreuung-hexenkessel.de\/index.php?rest_route=\/wp\/v2\/pages\/8"}],"collection":[{"href":"https:\/\/www.kinderbetreuung-hexenkessel.de\/index.php?rest_route=\/wp\/v2\/pages"}],"about":[{"href":"https:\/\/www.kinderbetreuung-hexenkessel.de\/index.php?rest_route=\/wp\/v2\/types\/page"}],"author":[{"embeddable":true,"href":"https:\/\/www.kinderbetreuung-hexenkessel.de\/index.php?rest_route=\/wp\/v2\/users\/1"}],"replies":[{"embeddable":true,"href":"https:\/\/www.kinderbetreuung-hexenkessel.de\/index.php?rest_route=%2Fwp%2Fv2%2Fcomments&post=8"}],"version-history":[{"count":6,"href":"https:\/\/www.kinderbetreuung-hexenkessel.de\/index.php?rest_route=\/wp\/v2\/pages\/8\/revisions"}],"predecessor-version":[{"id":356,"href":"https:\/\/www.kinderbetreuung-hexenkessel.de\/index.php?rest_route=\/wp\/v2\/pages\/8\/revisions\/356"}],"wp:attachment":[{"href":"https:\/\/www.kinderbetreuung-hexenkessel.de\/index.php?rest_route=%2Fwp%2Fv2%2Fmedia&parent=8"}],"curies":[{"name":"wp","href":"https:\/\/api.w.org\/{rel}","templated":true}]}}