{"id":60,"date":"2013-04-10T00:10:05","date_gmt":"2013-04-09T22:10:05","guid":{"rendered":"http:\/\/www.kinderbetreuung-hexenkessel.de\/?page_id=60"},"modified":"2017-05-05T22:06:45","modified_gmt":"2017-05-05T20:06:45","slug":"der-padagogische-ansatz","status":"publish","type":"page","link":"https:\/\/www.kinderbetreuung-hexenkessel.de\/?page_id=60","title":{"rendered":"Der p\u00e4dagogische Ansatz"},"content":{"rendered":"<h1>Der p\u00e4dagogische Ansatz<\/h1>\n<p style=\"text-align: justify;\">Der p\u00e4dagogische Ansatz ist der rote Faden, der sich durch meine Arbeit zieht. Er soll der Ausgangspunkt aller Entscheidungen sein.<\/p>\n<p style=\"text-align: justify;\">Mein Leitfaden ist die Natur und ihre Produkte. Mir ist es besonders wichtig, dass die Kinder lernen behutsam mit Blumen und Tieren umzugehen. Durch unseren gro\u00dfen Garten kann ich mit den Kindern viele verschiedene Projekte starten. Ein sehr beliebtes Projekt ist im Herbst das gemeinsame Apfelsaft machen. Hierzu sind auch verschiedene ans\u00e4ssige Institutionen wie Schulen und Kinderg\u00e4rten eingeladen. Die Kinder sammeln zusammen die \u00c4pfel auf, sortieren die guten aus und waschen sie. Ich zeige ihnen dann wie sie geschreddert und gepresst werden. Hinterher darf jedes Kind probieren, was wir zusammen erarbeitet haben. Die Kinder sind stolz darauf, dass sie etwas geschaffen und gelernt haben.<\/p>\n<p style=\"text-align: justify;\">Ich sehe mich nicht als Animateurin sondern als Begleiter der Kinder. Ich kann auf Impulse und W\u00fcnsche der Kinder ohne Probleme eingehen. Dadurch, dass ich morgens mit den Kindern den Tagesablauf bespreche k\u00f6nnen sie sich dazu \u00e4u\u00dfern und ich kann gegebenenfalls auf \u00c4nderungen eingehen. Nat\u00fcrlich geht das nicht immer.<\/p>\n<p style=\"text-align: justify;\">Vieles von dem was Kinder lernen, tragen sie nicht vorzeigbar in den H\u00e4nden. Sie erlangen Fertigkeiten, die erst nach einiger Zeit zum Vorschein kommen. So kann zum Beispiel ein Kind das Angst vor neuen Situationen hat, ganz pl\u00f6tzlich offen f\u00fcr solche werden.<\/p>\n","protected":false},"excerpt":{"rendered":"<p>Der p\u00e4dagogische Ansatz Der p\u00e4dagogische Ansatz ist der rote Faden, der sich durch meine Arbeit zieht. Er soll der Ausgangspunkt aller Entscheidungen sein. Mein Leitfaden ist die Natur und ihre Produkte. Mir ist es besonders wichtig, dass die Kinder lernen behutsam mit Blumen und Tieren umzugehen. Durch unseren gro\u00dfen Garten kann ich mit den Kindern [&hellip;]<\/p>\n","protected":false},"author":1,"featured_media":0,"parent":62,"menu_order":3,"comment_status":"closed","ping_status":"closed","template":"","meta":[],"_links":{"self":[{"href":"https:\/\/www.kinderbetreuung-hexenkessel.de\/index.php?rest_route=\/wp\/v2\/pages\/60"}],"collection":[{"href":"https:\/\/www.kinderbetreuung-hexenkessel.de\/index.php?rest_route=\/wp\/v2\/pages"}],"about":[{"href":"https:\/\/www.kinderbetreuung-hexenkessel.de\/index.php?rest_route=\/wp\/v2\/types\/page"}],"author":[{"embeddable":true,"href":"https:\/\/www.kinderbetreuung-hexenkessel.de\/index.php?rest_route=\/wp\/v2\/users\/1"}],"replies":[{"embeddable":true,"href":"https:\/\/www.kinderbetreuung-hexenkessel.de\/index.php?rest_route=%2Fwp%2Fv2%2Fcomments&post=60"}],"version-history":[{"count":3,"href":"https:\/\/www.kinderbetreuung-hexenkessel.de\/index.php?rest_route=\/wp\/v2\/pages\/60\/revisions"}],"predecessor-version":[{"id":263,"href":"https:\/\/www.kinderbetreuung-hexenkessel.de\/index.php?rest_route=\/wp\/v2\/pages\/60\/revisions\/263"}],"up":[{"embeddable":true,"href":"https:\/\/www.kinderbetreuung-hexenkessel.de\/index.php?rest_route=\/wp\/v2\/pages\/62"}],"wp:attachment":[{"href":"https:\/\/www.kinderbetreuung-hexenkessel.de\/index.php?rest_route=%2Fwp%2Fv2%2Fmedia&parent=60"}],"curies":[{"name":"wp","href":"https:\/\/api.w.org\/{rel}","templated":true}]}}