{"id":232,"date":"2014-11-29T23:57:20","date_gmt":"2014-11-29T21:57:20","guid":{"rendered":"http:\/\/www.kinderbetreuung-hexenkessel.de\/?page_id=232"},"modified":"2024-04-25T08:24:45","modified_gmt":"2024-04-25T06:24:45","slug":"kosten","status":"publish","type":"page","link":"http:\/\/www.kinderbetreuung-hexenkessel.de\/?page_id=232","title":{"rendered":"Kosten"},"content":{"rendered":"<p><span style=\"color: #000000;\"><strong>Kosten<\/strong><\/span><\/p>\n<p>Bei den Kosten ist zu erw\u00e4hnen, dass das Jugendamt einen gro\u00dfen Teil der Kosten \u00fcbernimmt. Infos holen Sie sich bitte bei Ihrem zust\u00e4ndigen Jugendamt.<\/p>\n<p>Ein kleiner Auszug:<\/p>\n\n\n<p><a href=\"https:\/\/www.schwalm-eder-kreis.de\/city_info\/display\/dokument\/show.cfm?region_id=105&amp;id=410572\">Geb. B 4.O22121911590 (schwalm-eder-kreis.de)<\/a><\/p>\n","protected":false},"excerpt":{"rendered":"<p>Kosten Bei den Kosten ist zu erw\u00e4hnen, dass das Jugendamt einen gro\u00dfen Teil der Kosten \u00fcbernimmt. Infos holen Sie sich bitte bei Ihrem zust\u00e4ndigen Jugendamt. Ein kleiner Auszug: Geb. B 4.O22121911590 (schwalm-eder-kreis.de)<\/p>\n","protected":false},"author":2,"featured_media":0,"parent":8,"menu_order":9,"comment_status":"closed","ping_status":"open","template":"","meta":{"footnotes":""},"class_list":["post-232","page","type-page","status-publish","hentry"],"_links":{"self":[{"href":"http:\/\/www.kinderbetreuung-hexenkessel.de\/index.php?rest_route=\/wp\/v2\/pages\/232","targetHints":{"allow":["GET"]}}],"collection":[{"href":"http:\/\/www.kinderbetreuung-hexenkessel.de\/index.php?rest_route=\/wp\/v2\/pages"}],"about":[{"href":"http:\/\/www.kinderbetreuung-hexenkessel.de\/index.php?rest_route=\/wp\/v2\/types\/page"}],"author":[{"embeddable":true,"href":"http:\/\/www.kinderbetreuung-hexenkessel.de\/index.php?rest_route=\/wp\/v2\/users\/2"}],"replies":[{"embeddable":true,"href":"http:\/\/www.kinderbetreuung-hexenkessel.de\/index.php?rest_route=%2Fwp%2Fv2%2Fcomments&post=232"}],"version-history":[{"count":8,"href":"http:\/\/www.kinderbetreuung-hexenkessel.de\/index.php?rest_route=\/wp\/v2\/pages\/232\/revisions"}],"predecessor-version":[{"id":363,"href":"http:\/\/www.kinderbetreuung-hexenkessel.de\/index.php?rest_route=\/wp\/v2\/pages\/232\/revisions\/363"}],"up":[{"embeddable":true,"href":"http:\/\/www.kinderbetreuung-hexenkessel.de\/index.php?rest_route=\/wp\/v2\/pages\/8"}],"wp:attachment":[{"href":"http:\/\/www.kinderbetreuung-hexenkessel.de\/index.php?rest_route=%2Fwp%2Fv2%2Fmedia&parent=232"}],"curies":[{"name":"wp","href":"https:\/\/api.w.org\/{rel}","templated":true}]}}